t + 43 + 39, -86 = -4*b + t. Suppose -19 = -y*u + b. What is the remainder when 11 is divided by u?
3
Suppose 2*q - 20 + 28 = 0. Calculate the remainder when 21 is divided by 24 + q*(-15)/(-10).
3
Suppose 33554 = 16*v - 4*v + 1970. What is the remainder when v is divided by 31?
28
Calculate the remainder when 67 is divided by 48 - 40 - (-11 - -1).
13
Let r(b) = 7*b + 16. Let v be r(-2). Suppose -5*z - 364 = v*z. Let p = z + 63. What is the remainder when 53 is divided by p?
9
Suppose -9480 - 1409 = -146*r - 2275. What is the remainder when 160 is divided by r?
42
Suppose 4*t - 1020 = -2*l - 380, -4*l + 16 = 0. Suppose -t = -5*p + 122. What is the remainder when p is divided by (-749)/(-49) - 4/14?
11
Let c(j) be the third derivative of -j**5/60 - 11*j**4/24 - 5*j**3/6 + 5*j**2. Let o be c(-5). Calculate the remainder when 6 + -2 + (o - 1) is divided by 5.
3
Suppose 31 - 87 = -2*s. Suppose 5*l - 152 = 3*l. Suppose 4*i - 4*w = 236, i = 2*w + l - 13. What is the remainder when i is divided by s?
27
Suppose -156*i + 5614 = 622. What is the remainder when 7162 is divided by i?
26
Suppose -57 = 133*g - 130*g. Let f(j) = -j**3 - 20*j**2 - 33*j - 12. Calculate the remainder when f(g) is divided by 20.
14
Let m = -46 + 66. Suppose 5*o + 0 = 3*i + m, 16 = i + 4*o. Suppose i = -g + 3 + 19. Calculate the remainder when 85 is divided by g.
19
Let q(r) be the second derivative of 9*r**4/4 - r**3/2 + r**2 + r. Let c be q(1). Suppose c*g = 23*g + 228. What is the remainder when g is divided by 11?
10
Let u be (-8)/6*(-30)/(-20). Let x be -2 - (-1 - -3 - u). What is the remainder when 33 is divided by 18*(-2 + -1)/x?
6
Suppose -2*m - 2*b - 4832 = -18620, 4*b = m - 6854. What is the remainder when m is divided by 123?
121
Let q(d) = 913*d + 10257. Calculate the remainder when 913 is divided by q(-11).
57
Let b = 437 + -434. Suppose 4*a + 4*w = 44, b*w - 2 - 3 = a. Calculate the remainder when 11 is divided by a.
4
Suppose 14 = 5*l + 4. Suppose l*w + 3 = 23. Calculate the remainder when 237/5 - w/25 is divided by 13.
8
Let g(t) = -8*t - 86. Let k = -216 + 203. Calculate the remainder when g(k) is divided by 9.
0
Let w(a) = 52*a - 457. What is the remainder when w(26) is divided by 31?
27
Suppose 40*b - 5010 + 4330 = 0. What is the remainder when 60 is divided by b?
9
Let z = -560 + 689. Let k = 242 - 207. Calculate the remainder when z is divided by k.
24
Let z = 19 + 5. Calculate the remainder when 15/(-3)*2139/(-115) is divided by z.
21
Suppose 4*n - 6 = 146. Let t = -27 + n. Calculate the remainder when t is divided by (-2)/3*6/(-4) - -5.
5
Let k = 16637 - 16563. What is the remainder when k is divided by 58?
16
Let s be (90/6)/5*1. Suppose -5*b + 2*c + 179 + 110 = 0, -s*b + 5*c = -181. Calculate the remainder when b is divided by 30.
27
Suppose -12*x + 103 = -1829. Let i(l) = 3*l - 10. What is the remainder when x is divided by i(17)?
38
Let f(b) = 18*b - 9. Calculate the remainder when 106 is divided by f(1).
7
Let s be 284/(-48) - (-9)/(-108). What is the remainder when 102 is divided by ((-2)/s)/((-32)/(-5184))?
48
Suppose 3346*w - 54 = -3*c + 3349*w, 4*c = -2*w + 54. Calculate the remainder when 694 is divided by c.
4
Let n(h) = 4*h - 199. Let c be n(51). Suppose -2*f - 2 = 4*w, -c*f + 8*w - 3*w = -55. Calculate the remainder when 55 is divided by f.
6
Suppose -1526 = -18*q + 17*q - 3*a, 3*q - 3*a - 4578 = 0. What is the remainder when q is divided by 8?
6
Let j(r) = -r**3 - 21*r**2 - 24*r + 36. What is the remainder when 4288 is divided by j(-20)?
112
Suppose 2381 - 7063 - 5195 = -17*q. What is the remainder when q is divided by 117?
113
Let s = 274 - 114. Suppose 10 - 15 = -g, 114 = 3*t - 3*g. What is the remainder when s is divided by t?
31
Suppose 17 = s + 10. Suppose -5*q = -s*q + 58. Suppose 11 - q = -3*u. What is the remainder when u is divided by 4?
2
Let z = 639 + -603. Suppose -5*m = -l - 70, -11 = -5*l - z. What is the remainder when 426 is divided by m?
10
Suppose -65*i = -13504 + 3884. What is the remainder when 457 is divided by i?
13
Calculate the remainder when 559 is divided by 82 - (-8 - (-10 - -14)).
89
Let y = 45 - 40. Suppose -y*w + 765 = 5*b, -b = -3*b. Suppose 5*x - 4*n - 116 - w = 0, 4*n - 49 = -x. What is the remainder when x is divided by 14?
11
What is the remainder when 330 is divided by ((-6)/(-1))/(36/24) - -12?
10
Suppose -110*j = -1395 - 10925. What is the remainder when 330 is divided by j?
106
Calculate the remainder when 7442 is divided by 19*(-8)/(-1) - -10*72/(-120).
142
Calculate the remainder when (-1)/5 - (6 + (-1932)/10) is divided by 129.
58
Let b be 4 + 0 - (8 - -4). Let j(z) be the second derivative of -5*z**3/6 - 27*z**2/2 + 109*z. What is the remainder when 63 is divided by j(b)?
11
What is the remainder when 53374/16 + 3/(-6)*(-8)/32 is divided by 303?
3
Let s = 7 + 1. Let p(c) = -15 - 20*c - 2*c**2 - 9 + 19*c - c**3. Calculate the remainder when p(-4) is divided by s.
4
Let p = 4290 + -3514. Calculate the remainder when p is divided by 46.
40
Suppose 2*o = 2*f + 4526, 3*o + 35*f = 31*f + 6810. What is the remainder when o is divided by 84?
82
Calculate the remainder when 602/344 + (-5)/(100/(-25365)) is divided by 590.
90
Let b(t) = -t**2 - 6*t + 3. Let h(a) = -3*a**2 - 13*a + 6. Let p(d) = 9*b(d) - 4*h(d). What is the remainder when p(2) is divided by 1 - (32/(-12) - (-4)/(-3))?
1
Suppose -14*z = -4892 - 3774. Calculate the remainder when z is divided by (2 - 8/6)*(-744)/(-8).
61
Let z = -8752 + 8762. Calculate the remainder when 25 is divided by z.
5
Calculate the remainder when (13 - (-280)/(-21))*(-10550 + 3 + -1) is divided by 34.
14
Let r = -164 + 187. Suppose r*m + 186 = 29*m. What is the remainder when 215 is divided by m?
29
Suppose 3*y + 25 = 2*s - 624, 4*s = 4*y + 1300. Calculate the remainder when s is divided by 266.
60
Suppose 18*a - 36 = 12*a. Suppose -n - g + 172 = -a*g, 0 = -2*n - g + 300. What is the remainder when n is divided by 17?
16
Let z = 430 - -185. Suppose -z = -4*o + 1985. What is the remainder when o is divided by 21?
20
Suppose 3*m = 4*x + 19 - 47, -4*x = 2*m - 48. Suppose -2*g = -4 + x, 4*g + 72 = 2*n. Calculate the remainder when 237 is divided by n.
27
Let h(k) = -79*k - 624. Calculate the remainder when h(-14) is divided by 233.
16
Let j be -1*(-35)/(-14)*112/(-5). Suppose 2*y = -3*z + 88, 2*y - j = -6*z + 4*z. Calculate the remainder when z is divided by 5.
2
Let v(l) = -46*l**2 + 7*l - 1. Let w be v(-2). Let d = w + 217. What is the remainder when 74 is divided by d?
2
Calculate the remainder when (891/4752)/(1/2384) is divided by 409.
38
Let m(z) = 159*z + 1118. What is the remainder when m(-3) is divided by 14?
11
Calculate the remainder when 354 + (7 - 11) - (-9 - 4/(-1)) is divided by 15.
10
Let l(r) = -r + 43. Suppose -3*m - 15 = -5*n, 5*n - 2*m - 2 = 8. Calculate the remainder when l(n) is divided by 11 - 2/(-2 - -3).
7
Let f(n) = 15*n**2 - 240*n - 131. Calculate the remainder when f(23) is divided by 44.
40
Suppose -4*y + 7*y - 5*g = -19, 4*y - 3*g = -7. Suppose 26*t = y*t + 624. What is the remainder when 88 is divided by t?
10
What is the remainder when 8950 is divided by 37/(126/72*6/21)?
70
Let t = -1855 - -1863. Let l(i) = i**2 - 7*i + 1. What is the remainder when l(9) is divided by t?
3
Let y = 133687 - 133525. Suppose 3*i - 30 = 81. What is the remainder when y is divided by i?
14
Suppose -2*c + 157 = -v + 6*v, -c - 3*v = -78. Suppose -2*z = 5*a - 115, z = -2*a + a + 26. Calculate the remainder when c is divided by a.
18
Let l(h) = -16*h - 5. Let b = 0 + 8. Suppose -b*x = 5 + 11. Calculate the remainder when 80 is divided by l(x).
26
Suppose 0 = 8*w - 4*w - 64. Let v(f) = -2*f**3 - 7*f**2 + 12*f + 23. Let a be v(-7). Calculate the remainder when w is divided by a/(-216)*-4 - (-4)/(-18).
1
Let l(s) = s**2 - 4*s - 1. Suppose 15*z - 6*z - 162 = 0. Calculate the remainder when l(z) is divided by 42.
41
Suppose -2*s - s - 168 = 0. Let a = -57 - s. Calculate the remainder when 1/2 - a*422/4 is divided by 22.
18
What is the remainder when 166 is divided by (4/6)/((854/1008)/61)?
22
Suppose 9*l - 18*l + 6206 = 20*l. Calculate the remainder when l is divided by 10.
4
Let i(h) = -2*h**3 - 8*h**2 - 10*h - 10. Suppose 60 + 479 = 11*b. What is the remainder when i(